{"id":109,"date":"2020-11-24T12:38:49","date_gmt":"2020-11-24T11:38:49","guid":{"rendered":"http:\/\/bijouxamedevolcans.com\/?post_type=product&#038;p=109"},"modified":"2026-04-09T01:33:32","modified_gmt":"2026-04-08T23:33:32","slug":"20-004-planete-cristal","status":"publish","type":"product","link":"https:\/\/bijouxamedevolcans.com\/index.php\/produit\/20-004-planete-cristal\/","title":{"rendered":"20-004- BAGUE  Mot \u00e0 Maux en RdV&#8230;"},"content":{"rendered":"<p>Base coupelle et \u00e9l\u00e9ments en zamac\u00a0 et m\u00e9tal argent\u00e9 et perle de cristal.<\/p>\n<p>Mots \u00e0 Maux &#8230;<\/p>\n<p>Diam\u00e8tre de la base 46mm<\/p>\n<p>L&rsquo;Anneau est confortable en\u00a0 \u00e9lastique caoutchout\u00e9. Il peux passer d&rsquo;un doigt \u00e0 l&rsquo;autre sans effort.<\/p>\n<p>Sur commande, par mail, avec un suppl\u00e9ment, je peux cr\u00e9er pour vous selon votre fantaisie du jour.<\/p>\n","protected":false},"excerpt":{"rendered":"<p>Base coupelle et \u00e9l\u00e9ments en zamac\u00a0 et m\u00e9tal argent\u00e9 et perle de cristal. Mots \u00e0 Maux &#8230; Diam\u00e8tre de la base 46mm L&rsquo;Anneau est confortable en\u00a0 \u00e9lastique caoutchout\u00e9. Il peux passer d&rsquo;un doigt \u00e0 l&rsquo;autre sans effort. Sur commande, par mail, avec un suppl\u00e9ment, je peux cr\u00e9er pour vous selon votre fantaisie du jour.<\/p>\n","protected":false},"featured_media":85,"comment_status":"open","ping_status":"closed","template":"","meta":{"spay_email":""},"_links":{"self":[{"href":"https:\/\/bijouxamedevolcans.com\/index.php\/wp-json\/wp\/v2\/product\/109"}],"collection":[{"href":"https:\/\/bijouxamedevolcans.com\/index.php\/wp-json\/wp\/v2\/product"}],"about":[{"href":"https:\/\/bijouxamedevolcans.com\/index.php\/wp-json\/wp\/v2\/types\/product"}],"replies":[{"embeddable":true,"href":"https:\/\/bijouxamedevolcans.com\/index.php\/wp-json\/wp\/v2\/comments?post=109"}],"wp:featuredmedia":[{"embeddable":true,"href":"https:\/\/bijouxamedevolcans.com\/index.php\/wp-json\/wp\/v2\/media\/85"}],"wp:attachment":[{"href":"https:\/\/bijouxamedevolcans.com\/index.php\/wp-json\/wp\/v2\/media?parent=109"}],"curies":[{"name":"wp","href":"https:\/\/api.w.org\/{rel}","templated":true}]}}