{"id":130,"date":"2020-11-24T14:15:09","date_gmt":"2020-11-24T13:15:09","guid":{"rendered":"http:\/\/bijouxamedevolcans.com\/?post_type=product&#038;p=130"},"modified":"2026-04-08T20:15:17","modified_gmt":"2026-04-08T18:15:17","slug":"20-013-bague-tamara-2","status":"publish","type":"product","link":"https:\/\/bijouxamedevolcans.com\/index.php\/produit\/20-013-bague-tamara-2\/","title":{"rendered":"20-013-BAGUE TAMARA&#8230;La Perfection efface ta Diff\u00e9rence&#8230;"},"content":{"rendered":"<p>Base en nacre blanche, carr\u00e9 laiton verni, r\u00e9sine et\u00a0 strass, m\u00e9tal argent\u00e9 et dor\u00e9.<\/p>\n<p>La perfection efface ta diff\u00e9rence&#8230;<\/p>\n<p>Diam\u00e8tre de la base 45 mm<\/p>\n<p>L&rsquo;Anneau est confortable en\u00a0 \u00e9lastique caoutchout\u00e9. Il peux passer d&rsquo;un doigt \u00e0 l&rsquo;autre sans effort.<\/p>\n<p>Sur commande, par mail, avec un suppl\u00e9ment, je peux cr\u00e9er pour vous selon votre fantaisie du jour.<\/p>\n","protected":false},"excerpt":{"rendered":"<p>Base en nacre blanche, carr\u00e9 laiton verni, r\u00e9sine et\u00a0 strass, m\u00e9tal argent\u00e9 et dor\u00e9. La perfection efface ta diff\u00e9rence&#8230; Diam\u00e8tre de la base 45 mm L&rsquo;Anneau est confortable en\u00a0 \u00e9lastique caoutchout\u00e9. Il peux passer d&rsquo;un doigt \u00e0 l&rsquo;autre sans effort. Sur commande, par mail, avec un suppl\u00e9ment, je peux cr\u00e9er pour vous selon votre fantaisie [&hellip;]<\/p>\n","protected":false},"featured_media":95,"comment_status":"open","ping_status":"closed","template":"","meta":{"spay_email":""},"_links":{"self":[{"href":"https:\/\/bijouxamedevolcans.com\/index.php\/wp-json\/wp\/v2\/product\/130"}],"collection":[{"href":"https:\/\/bijouxamedevolcans.com\/index.php\/wp-json\/wp\/v2\/product"}],"about":[{"href":"https:\/\/bijouxamedevolcans.com\/index.php\/wp-json\/wp\/v2\/types\/product"}],"replies":[{"embeddable":true,"href":"https:\/\/bijouxamedevolcans.com\/index.php\/wp-json\/wp\/v2\/comments?post=130"}],"wp:featuredmedia":[{"embeddable":true,"href":"https:\/\/bijouxamedevolcans.com\/index.php\/wp-json\/wp\/v2\/media\/95"}],"wp:attachment":[{"href":"https:\/\/bijouxamedevolcans.com\/index.php\/wp-json\/wp\/v2\/media?parent=130"}],"curies":[{"name":"wp","href":"https:\/\/api.w.org\/{rel}","templated":true}]}}