{"id":252,"date":"2020-11-24T16:52:02","date_gmt":"2020-11-24T15:52:02","guid":{"rendered":"http:\/\/bijouxamedevolcans.com\/?post_type=product&#038;p=252"},"modified":"2021-02-26T13:45:14","modified_gmt":"2021-02-26T12:45:14","slug":"20-039-bague-reflet-capucine","status":"publish","type":"product","link":"https:\/\/bijouxamedevolcans.com\/index.php\/produit\/20-039-bague-reflet-capucine\/","title":{"rendered":"20-039-BAGUE REFLET CAPUCINE&#8230; La Terre craque sous tes pas \u00c9toil\u00e9s&#8230;"},"content":{"rendered":"<p>Base en r\u00e9sine et perle cristal, nacre bi-color et\u00a0 m\u00e9tal argent\u00e9.<\/p>\n<p>La terre craque sous tes pas \u00e9toil\u00e9s&#8230;<\/p>\n<p>Diam\u00e8tre de la base 27 mm<\/p>\n<p>L&rsquo;Anneau est confortable en\u00a0 \u00e9lastique caoutchout\u00e9. Il peux passer d&rsquo;un doigt \u00e0 l&rsquo;autre sans effort.<\/p>\n<p>Sur commande, par mail, avec un suppl\u00e9ment, je peux cr\u00e9er pour vous selon votre fantaisie du jour.<\/p>\n<p>Existe en Taille 34mm \u00e0 33,00\u20ac<\/p>\n","protected":false},"excerpt":{"rendered":"<p>Base en r\u00e9sine et perle cristal, nacre bi-color et\u00a0 m\u00e9tal argent\u00e9. La terre craque sous tes pas \u00e9toil\u00e9s&#8230; Diam\u00e8tre de la base 27 mm L&rsquo;Anneau est confortable en\u00a0 \u00e9lastique caoutchout\u00e9. Il peux passer d&rsquo;un doigt \u00e0 l&rsquo;autre sans effort. Sur commande, par mail, avec un suppl\u00e9ment, je peux cr\u00e9er pour vous selon votre fantaisie du [&hellip;]<\/p>\n","protected":false},"featured_media":172,"comment_status":"open","ping_status":"closed","template":"","meta":{"spay_email":""},"_links":{"self":[{"href":"https:\/\/bijouxamedevolcans.com\/index.php\/wp-json\/wp\/v2\/product\/252"}],"collection":[{"href":"https:\/\/bijouxamedevolcans.com\/index.php\/wp-json\/wp\/v2\/product"}],"about":[{"href":"https:\/\/bijouxamedevolcans.com\/index.php\/wp-json\/wp\/v2\/types\/product"}],"replies":[{"embeddable":true,"href":"https:\/\/bijouxamedevolcans.com\/index.php\/wp-json\/wp\/v2\/comments?post=252"}],"wp:featuredmedia":[{"embeddable":true,"href":"https:\/\/bijouxamedevolcans.com\/index.php\/wp-json\/wp\/v2\/media\/172"}],"wp:attachment":[{"href":"https:\/\/bijouxamedevolcans.com\/index.php\/wp-json\/wp\/v2\/media?parent=252"}],"curies":[{"name":"wp","href":"https:\/\/api.w.org\/{rel}","templated":true}]}}