{"id":296,"date":"2020-11-25T10:11:16","date_gmt":"2020-11-25T09:11:16","guid":{"rendered":"http:\/\/bijouxamedevolcans.com\/?post_type=product&#038;p=296"},"modified":"2021-02-26T14:07:08","modified_gmt":"2021-02-26T13:07:08","slug":"20-052-bague-reflet-tutti-fuchsia","status":"publish","type":"product","link":"https:\/\/bijouxamedevolcans.com\/index.php\/produit\/20-052-bague-reflet-tutti-fuchsia\/","title":{"rendered":"20-052-BAGUE REFLET TUTTI FUCHSIA&#8230; Se r\u00e9concilier avec son Enfant Int\u00e9rieur&#8230;"},"content":{"rendered":"<p>Base en r\u00e9sine et perles fuchsia, lilas, rose poudr\u00e9e et\u00a0 m\u00e9tal argent\u00e9.<\/p>\n<p>Se r\u00e9concilier avec son enfant int\u00e9rieur&#8230;<\/p>\n<p>Diam\u00e8tre de la base 27 mm<\/p>\n<p>L&rsquo;Anneau est confortable en\u00a0 \u00e9lastique caoutchout\u00e9. Il peux passer d&rsquo;un doigt \u00e0 l&rsquo;autre sans effort.<\/p>\n<p>Sur commande, par mail, avec un suppl\u00e9ment, je peux cr\u00e9er pour vous selon votre fantaisie du jour.<\/p>\n<p>Existe en diam\u00e8tre 34mm \u00e0 35,00\u20ac<\/p>\n<p>Existe en diam\u00e8tre 45mm \u00e0 42,00\u20ac<\/p>\n","protected":false},"excerpt":{"rendered":"<p>Base en r\u00e9sine et perles fuchsia, lilas, rose poudr\u00e9e et\u00a0 m\u00e9tal argent\u00e9. Se r\u00e9concilier avec son enfant int\u00e9rieur&#8230; Diam\u00e8tre de la base 27 mm L&rsquo;Anneau est confortable en\u00a0 \u00e9lastique caoutchout\u00e9. Il peux passer d&rsquo;un doigt \u00e0 l&rsquo;autre sans effort. Sur commande, par mail, avec un suppl\u00e9ment, je peux cr\u00e9er pour vous selon votre fantaisie du [&hellip;]<\/p>\n","protected":false},"featured_media":185,"comment_status":"open","ping_status":"closed","template":"","meta":{"spay_email":""},"_links":{"self":[{"href":"https:\/\/bijouxamedevolcans.com\/index.php\/wp-json\/wp\/v2\/product\/296"}],"collection":[{"href":"https:\/\/bijouxamedevolcans.com\/index.php\/wp-json\/wp\/v2\/product"}],"about":[{"href":"https:\/\/bijouxamedevolcans.com\/index.php\/wp-json\/wp\/v2\/types\/product"}],"replies":[{"embeddable":true,"href":"https:\/\/bijouxamedevolcans.com\/index.php\/wp-json\/wp\/v2\/comments?post=296"}],"wp:featuredmedia":[{"embeddable":true,"href":"https:\/\/bijouxamedevolcans.com\/index.php\/wp-json\/wp\/v2\/media\/185"}],"wp:attachment":[{"href":"https:\/\/bijouxamedevolcans.com\/index.php\/wp-json\/wp\/v2\/media?parent=296"}],"curies":[{"name":"wp","href":"https:\/\/api.w.org\/{rel}","templated":true}]}}