{"id":297,"date":"2020-11-25T10:14:04","date_gmt":"2020-11-25T09:14:04","guid":{"rendered":"http:\/\/bijouxamedevolcans.com\/?post_type=product&#038;p=297"},"modified":"2021-02-26T14:08:39","modified_gmt":"2021-02-26T13:08:39","slug":"20-053-bague-reflet-tutti-peche","status":"publish","type":"product","link":"https:\/\/bijouxamedevolcans.com\/index.php\/produit\/20-053-bague-reflet-tutti-peche\/","title":{"rendered":"20-053-BAGUE REFLET TUTTI P\u00caCHE&#8230; Croque le fruit bien m\u00fbr&#8230;"},"content":{"rendered":"<p>Base en r\u00e9sine et perle p\u00eache, marron, orange et\u00a0 m\u00e9tal argent\u00e9.<\/p>\n<p>Croque le fruit bien m\u00fbr&#8230;<\/p>\n<p>Diam\u00e8tre de la base 27 mm<\/p>\n<p>L&rsquo;Anneau est confortable en\u00a0 \u00e9lastique caoutchout\u00e9. Il peux passer d&rsquo;un doigt \u00e0 l&rsquo;autre sans effort.<\/p>\n<p>Sur commande, par mail, avec un suppl\u00e9ment, je peux cr\u00e9er pour vous selon votre fantaisie du jour.<\/p>\n<p>Existe en diam\u00e8tre 34mm \u00e0 35,00\u20ac<\/p>\n<p>Existe en diam\u00e8tre 45mm \u00e0 42,00\u20ac<\/p>\n","protected":false},"excerpt":{"rendered":"<p>Base en r\u00e9sine et perle p\u00eache, marron, orange et\u00a0 m\u00e9tal argent\u00e9. Croque le fruit bien m\u00fbr&#8230; Diam\u00e8tre de la base 27 mm L&rsquo;Anneau est confortable en\u00a0 \u00e9lastique caoutchout\u00e9. Il peux passer d&rsquo;un doigt \u00e0 l&rsquo;autre sans effort. Sur commande, par mail, avec un suppl\u00e9ment, je peux cr\u00e9er pour vous selon votre fantaisie du jour. Existe [&hellip;]<\/p>\n","protected":false},"featured_media":186,"comment_status":"open","ping_status":"closed","template":"","meta":{"spay_email":""},"_links":{"self":[{"href":"https:\/\/bijouxamedevolcans.com\/index.php\/wp-json\/wp\/v2\/product\/297"}],"collection":[{"href":"https:\/\/bijouxamedevolcans.com\/index.php\/wp-json\/wp\/v2\/product"}],"about":[{"href":"https:\/\/bijouxamedevolcans.com\/index.php\/wp-json\/wp\/v2\/types\/product"}],"replies":[{"embeddable":true,"href":"https:\/\/bijouxamedevolcans.com\/index.php\/wp-json\/wp\/v2\/comments?post=297"}],"wp:featuredmedia":[{"embeddable":true,"href":"https:\/\/bijouxamedevolcans.com\/index.php\/wp-json\/wp\/v2\/media\/186"}],"wp:attachment":[{"href":"https:\/\/bijouxamedevolcans.com\/index.php\/wp-json\/wp\/v2\/media?parent=297"}],"curies":[{"name":"wp","href":"https:\/\/api.w.org\/{rel}","templated":true}]}}