{"id":341,"date":"2020-11-25T13:54:44","date_gmt":"2020-11-25T12:54:44","guid":{"rendered":"http:\/\/bijouxamedevolcans.com\/?post_type=product&#038;p=341"},"modified":"2021-02-26T16:45:19","modified_gmt":"2021-02-26T15:45:19","slug":"20-085-bague-pleine-lune-doree","status":"publish","type":"product","link":"https:\/\/bijouxamedevolcans.com\/index.php\/produit\/20-085-bague-pleine-lune-doree\/","title":{"rendered":"20-085-BAGUE CROISSANT DE LUNE DOR\u00c9E&#8230; En Toi, l&rsquo;Ombre et la Lumi\u00e8re ne font qu&rsquo;un&#8230;"},"content":{"rendered":"<p>Base en r\u00e9sine ronde paillet\u00e9e dor\u00e9e,\u00a0 perle de cristal, m\u00e9tal argent\u00e9 et dor\u00e9s.<\/p>\n<p>En Toi, l&rsquo;ombre et la lumi\u00e8re ne font qu&rsquo;un&#8230;<\/p>\n<p>Diam\u00e8tre de la base 27 mm<\/p>\n<p>L&rsquo;Anneau est confortable en\u00a0 \u00e9lastique caoutchout\u00e9. Il peux passer d&rsquo;un doigt \u00e0 l&rsquo;autre sans effort.<\/p>\n<p>Sur commande, par mail, avec un suppl\u00e9ment, je peux cr\u00e9er pour vous selon votre fantaisie du jour.<\/p>\n<p>Bagues existent en ros\u00e9e, argent\u00e9e, gris\u00e9e<\/p>\n","protected":false},"excerpt":{"rendered":"<p>Base en r\u00e9sine ronde paillet\u00e9e dor\u00e9e,\u00a0 perle de cristal, m\u00e9tal argent\u00e9 et dor\u00e9s. En Toi, l&rsquo;ombre et la lumi\u00e8re ne font qu&rsquo;un&#8230; Diam\u00e8tre de la base 27 mm L&rsquo;Anneau est confortable en\u00a0 \u00e9lastique caoutchout\u00e9. Il peux passer d&rsquo;un doigt \u00e0 l&rsquo;autre sans effort. Sur commande, par mail, avec un suppl\u00e9ment, je peux cr\u00e9er pour vous [&hellip;]<\/p>\n","protected":false},"featured_media":221,"comment_status":"open","ping_status":"closed","template":"","meta":{"spay_email":""},"_links":{"self":[{"href":"https:\/\/bijouxamedevolcans.com\/index.php\/wp-json\/wp\/v2\/product\/341"}],"collection":[{"href":"https:\/\/bijouxamedevolcans.com\/index.php\/wp-json\/wp\/v2\/product"}],"about":[{"href":"https:\/\/bijouxamedevolcans.com\/index.php\/wp-json\/wp\/v2\/types\/product"}],"replies":[{"embeddable":true,"href":"https:\/\/bijouxamedevolcans.com\/index.php\/wp-json\/wp\/v2\/comments?post=341"}],"wp:featuredmedia":[{"embeddable":true,"href":"https:\/\/bijouxamedevolcans.com\/index.php\/wp-json\/wp\/v2\/media\/221"}],"wp:attachment":[{"href":"https:\/\/bijouxamedevolcans.com\/index.php\/wp-json\/wp\/v2\/media?parent=341"}],"curies":[{"name":"wp","href":"https:\/\/api.w.org\/{rel}","templated":true}]}}