{"id":447,"date":"2020-11-25T18:01:32","date_gmt":"2020-11-25T17:01:32","guid":{"rendered":"http:\/\/bijouxamedevolcans.com\/?post_type=product&#038;p=447"},"modified":"2026-04-09T01:31:46","modified_gmt":"2026-04-08T23:31:46","slug":"19-01b-bracelet-oeil-de-tigre","status":"publish","type":"product","link":"https:\/\/bijouxamedevolcans.com\/index.php\/produit\/19-01b-bracelet-oeil-de-tigre\/","title":{"rendered":"19-01B-BRACELET \u0152IL DE TIGRE&#8230; La Protection est avec Toi&#8230;"},"content":{"rendered":"<p>Bracelet 3 coudes argent\u00e9s 10 microns \u00e9lastique, perles naturelles \u0153il de tigre.<\/p>\n<p>La protection est avec toi&#8230;<\/p>\n","protected":false},"excerpt":{"rendered":"<p>Bracelet 3 coudes argent\u00e9s 10 microns \u00e9lastique, perles naturelles \u0153il de tigre. La protection est avec toi&#8230;<\/p>\n","protected":false},"featured_media":243,"comment_status":"open","ping_status":"closed","template":"","meta":{"spay_email":""},"_links":{"self":[{"href":"https:\/\/bijouxamedevolcans.com\/index.php\/wp-json\/wp\/v2\/product\/447"}],"collection":[{"href":"https:\/\/bijouxamedevolcans.com\/index.php\/wp-json\/wp\/v2\/product"}],"about":[{"href":"https:\/\/bijouxamedevolcans.com\/index.php\/wp-json\/wp\/v2\/types\/product"}],"replies":[{"embeddable":true,"href":"https:\/\/bijouxamedevolcans.com\/index.php\/wp-json\/wp\/v2\/comments?post=447"}],"wp:featuredmedia":[{"embeddable":true,"href":"https:\/\/bijouxamedevolcans.com\/index.php\/wp-json\/wp\/v2\/media\/243"}],"wp:attachment":[{"href":"https:\/\/bijouxamedevolcans.com\/index.php\/wp-json\/wp\/v2\/media?parent=447"}],"curies":[{"name":"wp","href":"https:\/\/api.w.org\/{rel}","templated":true}]}}